**2 + 29265*s + 1519. Calculate r(-308).
-21
Let o(r) = -r**3 - 70*r**2 - 146*r - 21309. What is o(-72)?
-429
Let b(z) = -1008*z - 40027. Give b(-40).
293
Let t(j) = -j**3 - 11*j**2 + 111*j + 89. Calculate t(-16).
-407
Let v(x) = 905*x + 3319. Determine v(2).
5129
Let y(o) = 12*o**2 + 375*o - 117939. What is y(-116)?
33
Let u(s) = 57*s**2 + 1952*s + 9691. Determine u(-6).
31
Let d(n) = 714*n - 162113. Give d(227).
-35
Let x(p) = 3*p**2 + 135*p - 136. Determine x(-45).
-136
Let o(h) = 1250*h + 1743. Determine o(-3).
-2007
Let q(h) = -2352*h + 13031. What is q(6)?
-1081
Let h(c) = -5*c**3 + 23*c**2 + 49*c - 21. Determine h(-2).
13
Let y(d) = -35687*d + 571005. Calculate y(16).
13
Let o(l) = -41*l**2 + 402*l - 905. What is o(6)?
31
Let q(n) = 722*n + 8645. Determine q(-12).
-19
Let w(f) = 777*f - 7211. What is w(11)?
1336
Let y(g) = g**3 - 2*g**2 + 56*g - 78. Give y(6).
402
Let u(y) = y**3 - 23*y**2 + 114*y + 20. What is u(7)?
34
Let y(k) = -k**2 + 34003*k + 578336. Calculate y(-17).
-4
Let z(o) = -840*o**2 - 5014*o - 25. Determine z(-6).
-181
Let q(t) = -2874*t + 31688. What is q(11)?
74
Let a(u) = u**3 + 112*u**2 - 835*u - 408. Calculate a(-119).
-170
Let d(n) = -n**3 + 352*n**2 + 2518*n - 277. Give d(359).
1518
Let u(f) = -f**2 - 4316*f + 112876. Calculate u(26).
-16
Let a(n) = -2333*n - 209957. Calculate a(-90).
13
Let p(t) = -39*t - 5910. Calculate p(-160).
330
Let l(k) = 9*k**2 - 1125*k + 11310. What is l(114)?
24
Let x(w) = 5*w**2 - 360*w + 481. Determine x(76).
2001
Let f(v) = -v**3 - 19*v**2 + 40*v + 1421. Give f(8).
13
Let g(m) = -m**2 - 15250*m + 76287. Determine g(5).
12
Let s(j) = -j**3 - 94*j**2 - 1062*j + 27624. What is s(-31)?
3
Let z(j) = -9*j**2 + 7258*j - 855933. Determine z(663).
0
Let u(v) = -2*v**2 + 870*v - 5268. Determine u(6).
-120
Let j(w) = -5*w**2 + 2856*w - 126086. Calculate j(523).
-43
Let q(r) = -r**3 - 12*r**2 + 96*r - 4. Calculate q(8).
-516
Let q(n) = 66*n**2 + 69*n + 251. Determine q(-5).
1556
Let t(w) = 2*w**2 + 5181*w + 681515. What is t(-139)?
-2
Let g(d) = -702481*d - 7727325. Determine g(-11).
-34
Let a(o) = -o**2 - 6*o + 303. Determine a(-21).
-12
Let x(y) = -y**3 - 298*y**2 + 1132*y + 510276. What is x(-296)?
-28
Let z(d) = 1286*d + 433375. Calculate z(-337).
-7
Let h(t) = -t**3 - 9*t**2 + 190*t + 1848. Calculate h(-11).
0
Let y(p) = -96*p**3 - 287*p**2 - 71*p - 221. Calculate y(-3).
1
Let r(t) = -1309*t + 17659. What is r(14)?
-667
Let y(f) = -5*f**3 - 346*f**2 - 6*f - 7. Give y(0).
-7
Let d(x) = 22*x**2 + 1731*x - 19546. What is d(10)?
-36
Let w(a) = -11190*a + 67168. What is w(6)?
28
Let g(r) = -2*r**3 + 38*r**2 - 54*r + 36. What is g(18)?
-288
Let u(w) = -55616*w + 222394. Determine u(4).
-70
Let m(i) = -i**2 + 12176*i + 268339. What is m(-22)?
-17
Let u(x) = -4530*x + 5683. Give u(2).
-3377
Let t(l) = l**2 + 489*l - 52131. What is t(-579)?
-21
Let j(z) = -547*z + 89113. Calculate j(163).
-48
Let r(y) = y**2 + 2*y - 3145. Determine r(55).
-10
Let q(w) = -11*w**2 + 13*w - 4. Calculate q(7).
-452
Let d(j) = 11*j**2 - 2175*j - 555. Give d(198).
39
Let s(z) = -1399*z**2 - 5623*z - 92. Give s(-4).
16
Let x(m) = 2*m**2 + 44*m - 25620. What is x(-126)?
588
Let y(v) = -244643*v + 1223232. What is y(5)?
17
Let x(k) = -k**3 - 481*k**2 + 3067*k - 869. Determine x(6).
1
Let g(i) = 11841*i + 319716. What is g(-27)?
9
Let i(d) = d**3 - 1503*d**2 + 8986*d - 24. Give i(6).
0
Let j(a) = 15792*a - 16897445. Determine j(1070).
-5
Let d(u) = u**3 + 85*u**2 - 1319*u - 394. What is d(-98)?
4016
Let k(l) = -l**2 + 21211*l + 828765. What is k(-39)?
15
Let l(c) = -444*c - 93705. Determine l(-211).
-21
Let o(q) = -q**3 + 163*q**2 - 717*q + 116792. What is o(163)?
-79
Let z(k) = -1504*k - 22545. Calculate z(-16).
1519
Let v(d) = -11122*d - 255802. What is v(-23)?
4
Let h(t) = -t**2 + 3151*t - 31425. Calculate h(10).
-15
Let r(s) = 21757*s + 239306. Determine r(-11).
-21
Let g(t) = 3*t**2 - 367*t + 3977. Calculate g(11).
303
Let k(y) = -y**2 - 272*y - 15275. Calculate k(-77).
-260
Let c(z) = z**2 - 1421*z + 5641. What is c(4)?
-27
Let s(c) = -23733*c + 474724. Calculate s(20).
64
Let f(k) = -211*k - 7211. Calculate f(-28).
-1303
Let n(a) = 7*a**2 + 1213*a - 16584. Determine n(-186).
-30
Let m(h) = -14*h**3 + 69*h**2 - 4*h + 5. Give m(5).
-40
Let r(i) = -200*i - 32591. Determine r(-163).
9
Let m(p) = -43*p**2 - 2090*p + 845. Calculate m(-49).
12
Let z(m) = 9432*m + 103727. What is z(-11)?
-25
Let w(n) = 259*n + 141. Calculate w(5).
1436
Let v(d) = -1961*d**2 + 11418*d + 16169. What is v(7)?
6
Let y(x) = -x**3 + 142*x**2 + 264*x - 35092. Give y(142).
2396
Let j(d) = 145*d - 8978. Determine j(68).
882
Let w(x) = 3*x**2 - 727*x - 277. Give w(0).
-277
Let q(a) = -90183*a + 36614296. Give q(406).
-2
Let n(b) = 1652*b - 17010. Determine n(10).
-490
Let z(d) = d**2 - 170*d + 1745. Give z(11).
-4
Let x(u) = 1132*u - 57929. What is x(54)?
3199
Let m(g) = 5*g**2 - 2441*g + 109550. Determine m(50).
0
Let s(t) = t**2 - 799*t - 20598. Determine s(-25).
2
Let p(j) = j**2 - 5086*j + 216836. Give p(43).
-13
Let y(r) = -872*r**2 + 870*r + 2. Give y(1).
0
Let j(y) = -34*y**2 + 111*y - 485. What is j(5)?
-780
Let m(r) = -5*r**2 - 133*r + 1774. Give m(18).
-2240
Let w(k) = -91*k**2 + 1367*k + 501. Determine w(15).
531
Let j(z) = 9*z**2 + 132*z + 228. Determine j(-20).
1188
Let j(c) = -2*c**2 - 109223*c + 436930. Determine j(4).
6
Let z(o) = o**2 + 1328*o - 64614. Determine z(47).
11
Let h(i) = 26784*i - 374972. Calculate h(14).
4
Let b(y) = y**2 - 2731*y - 3. Determine b(0).
-3
Let x(f) = -313*f + 24394. Calculate x(78).
-20
Let s(v) = -2702*v - 27029. Determine s(-10).
-9
Let d(n) = -17*n**3 - 4*n**2 - 1503*n - 5994. Calculate d(-4).
1042
Let o(x) = 164*x**2 - 14763*x + 343. Calculate o(90).
73
Let v(s) = -3*s**2 + 3556*s - 60292. What is v(17)?
-707
Let r(s) = s**2 + 82*s - 6054. Give r(48).
186
Let q(n) = 36*n**2 + 1525*n + 32. Determine q(-42).
-514
Let n(w) = -9*w**2 - 427*w - 1037. What is n(-45)?
-47
Let o(c) = c**3 - 2*c**2 - 426*c - 195. Determine o(20).
-1515
Let f(m) = -m**3 + 18*m**2 - 10406*m + 62475. Calculate f(6).
471
Let z(s) = 2474*s + 84151. Calculate z(-34).
35
Let d(m) = -m**2 + 1191*m - 319832. Calculate d(409).
6
Let n(b) = -2*b**2 + 244*b + 7751. Determine n(148).
55
Let b(p) = -5529*p + 1758256. Calculate b(318).
34
Let q(y) = -y**3 - 14*y**2 + 78*y - 58. Give q(10).
-1678
Let m(r) = -62098*r - 558859. What is m(-9)?
23
Let j(k) = 2*k**2 - 18152*k - 436800. Determine j(-24).
0
Let n(h) = 2*h**3 - 36*h**2 + 116*h - 254. Calculate n(15).
136
Let x(i) = i**3 - 33*i**2 - 58*i - 224. Give x(34).
-1040
Let q(m) = 709521*m + 24833244. Give q(-35).
9
Let v(f) = 5*f**2 + 1684*f - 20957. Determine v(12).
-29
Let w(f) = f**3 - 136*f**2 - 902*f + 12. Give w(-6).
312
Let j(c) = c**2 + 19880*c - 16801905. Determine j(812).
-1
Let f(p) = 2*p**2 - 654*p - 33282. What is f(-45)?
198
Let p(m) = 2666*m + 146688. Determine p(-55).
58
Let m(s) = 43927*s**2 + 1405660*s - 120. Give m(-32).
8
Let q(h) = 3*h**2 - 951*h + 7416. Calculate q(8).
0
Let g(u) = -3*u**3 + 12*u**2 - 422*u - 4564. Give g(-7).
7
Let f(q) = -q**3 + 15*q**2 + 992*q - 13279. Give f(13).
-45
Let f(l) = 16*l**2 + 108*l - 4654. Calculate f(14).
-6
Let n(b) = -32*b**3 + 10*b**2 + 7*b + 7. Determine n(-2).
289
Let j(a) = -69211*a + 69255. What is j(1)?
44
Let j(g) = -g**3 + 110*g**2 - 2988*g - 183. Give j(56).
1833
Let z(l) = 2*l**3 - 43*l**2 + 231*l + 46. Determine z(17).
1372
Let v(d) = -258*d + 592. Give v(-1).
850
Let l(a) = 2*a**2 + 103*a + 1123. Give l(-25).
-202
Let l(q) = 14*q**3 - 26*q**2 + 82*q - 167. Determine l(2).
5
Let t(x) = -24*x**3 + 185*x**2 - x + 80. Determine t(8).
-376
Let q(c) = 1333*c**2 - 6687*c + 103. What is q(5)?
-7
Let r(a) = -a**3 - 49*a**2 - 153*a - 7494. Give r(-49).
3
Let i(m) = -3*m**2 + 167*m + 20. Determine i(0).
20
Let k(j) = -3*j**3 - 992*j**2 - 44596*j + 230. Determine k(-277).
-47
Let s(n) = -263*n**2 + 26*n + 20. Calculate s(-1).
-269
Let m(o) = 2*o**3 - 438*o**2 - 11660*o + 68. Give m(-24).
-28
Let d(z) = -1149*z - 5735. Determine d(-5).
10
Let n(u) = 8*u**3 + 183*u**2 - 58*u - 863. Give n(-23).
-58
Let q(j) = -970*j + 7673. What is q(8)?
-87
Let t(u) = 24878*u - 2612185. Determine t(105).
5
Let k(b) = -b**3 - 19*b**2 + 16165*b - 103. Det